{"id":251,"date":"2024-07-31T00:24:13","date_gmt":"2024-07-30T21:24:13","guid":{"rendered":"https:\/\/baglantiuzmani.net\/?page_id=251"},"modified":"2024-10-26T19:10:53","modified_gmt":"2024-10-26T16:10:53","slug":"fiyatlar","status":"publish","type":"page","link":"https:\/\/baglantiuzmani.net\/index.php\/fiyatlar\/","title":{"rendered":"Fiyatlar"},"content":{"rendered":"<h1><strong>SAYFA TEST A\u015eAMASINDADIR<\/strong><\/h1>\n<p>Diledi\u011finiz h\u0131z i\u00e7in fiyat se\u00e7eneklerini g\u00f6r\u00fcn.<br \/>\nAltyap\u0131n\u0131z\u0131 sorgulad\u0131n\u0131z m\u0131?  &#8211;&gt; <a href=\"https:\/\/baglantiuzmani.net\/index.php\/altyapi-sorgulama\/\"><strong>Altyap\u0131 Sorgulama<\/strong><\/a><\/p>\n<hr \/>\n<p>Not: Fiyat bilgileri her zaman i\u00e7in g\u00fcncel veya do\u011fru olmayabilir. Olu\u015fabilecek zararlardan sitemiz sorumlu <span style=\"text-decoration: underline;\">de\u011fildir<\/span>.<\/p>\n","protected":false},"excerpt":{"rendered":"<p>SAYFA TEST A\u015eAMASINDADIR Diledi\u011finiz h\u0131z i\u00e7in fiyat se\u00e7eneklerini g\u00f6r\u00fcn. Altyap\u0131n\u0131z\u0131 sorgulad\u0131n\u0131z m\u0131? &#8211;&gt; Altyap\u0131 Sorgulama Not: Fiyat bilgileri her zaman i\u00e7in g\u00fcncel veya do\u011fru olmayabilir. Olu\u015fabilecek zararlardan sitemiz sorumlu de\u011fildir.<\/p>\n","protected":false},"author":1,"featured_media":0,"parent":0,"menu_order":0,"comment_status":"closed","ping_status":"closed","template":"wp-custom-template-fiyatalr","meta":{"_themeisle_gutenberg_block_has_review":false,"footnotes":""},"class_list":["post-251","page","type-page","status-publish","hentry"],"_links":{"self":[{"href":"https:\/\/baglantiuzmani.net\/index.php\/wp-json\/wp\/v2\/pages\/251","targetHints":{"allow":["GET"]}}],"collection":[{"href":"https:\/\/baglantiuzmani.net\/index.php\/wp-json\/wp\/v2\/pages"}],"about":[{"href":"https:\/\/baglantiuzmani.net\/index.php\/wp-json\/wp\/v2\/types\/page"}],"author":[{"embeddable":true,"href":"https:\/\/baglantiuzmani.net\/index.php\/wp-json\/wp\/v2\/users\/1"}],"replies":[{"embeddable":true,"href":"https:\/\/baglantiuzmani.net\/index.php\/wp-json\/wp\/v2\/comments?post=251"}],"version-history":[{"count":8,"href":"https:\/\/baglantiuzmani.net\/index.php\/wp-json\/wp\/v2\/pages\/251\/revisions"}],"predecessor-version":[{"id":515,"href":"https:\/\/baglantiuzmani.net\/index.php\/wp-json\/wp\/v2\/pages\/251\/revisions\/515"}],"wp:attachment":[{"href":"https:\/\/baglantiuzmani.net\/index.php\/wp-json\/wp\/v2\/media?parent=251"}],"curies":[{"name":"wp","href":"https:\/\/api.w.org\/{rel}","templated":true}]}}